t = 4*x - 5*k + 4*k, -x = -5*k - 37. Let v be x - 16 - (0 + 0). Calculate the highest common divisor of v and 77.
11
Suppose 4*y - 2*s - 210 = 0, y - 5*s - 31 + 1 = 0. Suppose 2*a = -9*t + 4*t + 30, 0 = -5*t + 3*a + y. Calculate the highest common divisor of t and 24.
8
Let j be (11 + -6)*(24/(-15))/(-2). Suppose j*w - 7*w + 330 = 0. Calculate the greatest common divisor of 44 and w.
22
Suppose -22*v - 118 = -p - 20*v, -4 = -2*v. What is the greatest common factor of 793 and p?
61
Suppose x = -0 + 2. Suppose -x*y = 1 - 7. Suppose y*o - 170 = -z, o + 5*z + 195 = 5*o. Calculate the highest common factor of 11 and o.
11
Let g = 17 + -5. Let a = g + -9. Suppose o - 5*b = 21 - 1, 3*o + 3*b - 42 = 0. What is the highest common divisor of a and o?
3
Suppose n = 3, 0*n - 429 = -2*k - 5*n. Let w = 4 - -19. What is the greatest common divisor of w and k?
23
Let s be 10/(-3)*918/(-255). Let c(j) = 15*j. Let n be c(2). Calculate the highest common divisor of s and n.
6
Let f(s) = s**2 + s - 6. Let o be f(5). Let m be 111/9 + 6/(-18). What is the greatest common divisor of m and o?
12
Suppose -3*u + 102 = -5*a, -34 = 6*u - 7*u - 4*a. Let l = -58 - -143. Calculate the greatest common factor of u and l.
17
Suppose -5*r + 20 = 0, -74 = -3*w - 4*r + 50. Calculate the greatest common factor of 18 and w.
18
Suppose 295*g = 303*g - 1504. Calculate the greatest common divisor of 141 and g.
47
Let j = 7 + -4. Suppose 182 = j*m - 0*v - 4*v, -5*m - v + 265 = 0. Suppose n + 36 = 2*n. What is the highest common factor of n and m?
18
Suppose -101*b + 12 = -99*b. Let c be 1/(((-1)/1)/(-18)) - 0. Calculate the highest common divisor of b and c.
6
Let n(z) = -46*z - 645. Let d be n(-30). What is the highest common factor of d and 98?
49
Let l be ((-2)/(-8) - (-2)/8)*-36. Let z(v) = v**2 - 3. Let o be z(-4). Let i = o - l. Calculate the highest common divisor of i and 279.
31
Suppose -5*j - 2*l = -16, -3*j + 12 = 3*l - 3. Suppose j*g - 5*g + 198 = 0. Suppose 4*h - 162 = -g. What is the highest common divisor of 12 and h?
12
Let t(p) = -5*p + 988. Let g be t(26). Calculate the greatest common divisor of 234 and g.
78
Let j(f) = -5*f**2 - 8*f - 36. Let n(d) = 2*d**2 + 3*d + 12. Let q(c) = 3*j(c) + 8*n(c). Let k be q(-6). Calculate the greatest common factor of 12 and k.
12
Let m(z) = -5*z - 13. Let k be m(-6). Suppose 215 = t - 2*r + 56, -4*r = -3*t + 471. What is the highest common divisor of k and t?
17
Suppose -52*c = -45*c - 70. Let p(t) = -t**3 - 3*t**2 + 3*t - 2. Let k be p(-4). Calculate the highest common divisor of c and k.
2
Suppose -94 = -4*k + 126. Let u be (-11)/1*((-20)/4 + 4). Calculate the highest common divisor of u and k.
11
Let f(y) = y + 26. Let l be f(0). Suppose 0 = -3*j + 7*c - 4*c + 198, 0 = -5*j + 2*c + 327. What is the greatest common divisor of j and l?
13
Let f be (-26 - 35/(-7))*(-52)/6. What is the highest common factor of 65 and f?
13
Let o(p) = -9*p + 10. Let b be o(-2). Suppose -13*h - 105 = -b*h. Calculate the highest common factor of h and 63.
7
Let u(l) be the first derivative of -l**2 + 3/4*l**4 + 0*l + 1/3*l**3 - 4. Let x be u(2). Calculate the highest common factor of 8 and x.
8
Let r = 2134 - 1704. Calculate the greatest common factor of r and 10.
10
Let m(z) = 16 - 133*z + 127*z + 52. Let u be m(9). What is the highest common factor of 98 and u?
14
Let n = -2 - -13. Let o be (n/3)/(4/24). Calculate the highest common factor of 198 and o.
22
Suppose -x = -5*y + x + 8, -5*x = 4*y + 20. Let u be (6 - 4)/((-1)/(-14) + y). Calculate the greatest common factor of u and 42.
14
Let l be (62/(-4) - -5)*(-2)/3. What is the highest common factor of l and 1?
1
Let w be (3/2)/(5/20). Suppose k + 7 = 3*t, -10 = -t - t. Let a be (-2)/w*(k + -14). Calculate the greatest common factor of a and 16.
2
Let v be 1/1 - 1815/(-33). What is the greatest common factor of 392 and v?
56
Let a(f) = f**2 + 3*f + 5. Let o be a(-8). Suppose 2*y = -0*r + 5*r + 7, 41 = 4*y - r. Let l = 29 - y. What is the greatest common divisor of o and l?
9
Let g(l) = 3*l**3 - 4*l**2 - l + 8. Let h be g(2). Suppose -h + 8 = -k. What is the highest common factor of k and 14?
2
Suppose 0 = -9*k - 16*k + 1200. What is the greatest common divisor of 66 and k?
6
Suppose -139*y + 132 = -135*y. What is the greatest common factor of y and 121?
11
Let n = 25 - -29. Calculate the highest common divisor of 18 and n.
18
Suppose 14*a - 1203 - 883 = 0. What is the greatest common divisor of a and 4023?
149
Let y(c) = c**3 + 11*c**2 + 8*c + 13. Let p be y(-6). What is the highest common factor of p and 116?
29
Suppose -4*t + 108 = -2*t. Suppose -4*d - t = -6*d. Calculate the greatest common factor of d and 9.
9
Suppose -605*h = -599*h - 5250. What is the greatest common factor of h and 105?
35
Let r(n) = 76*n**2 - 2*n - 13. Let v be r(3). What is the highest common factor of 35 and v?
35
Let m = 567 - 561. Let i be ((-12)/5)/(2/(-40)). Calculate the highest common divisor of i and m.
6
Suppose 0 = -3*h + 60 - 21. Let v = h + 32. Suppose -3*w = -2*c - 19, -3*w + 11 = -4*c - 0*c. What is the greatest common divisor of v and w?
9
Let f = -3 - -5. Let w(b) = -9*b**3 + 1. Suppose -6*n - 2 = -4*n. Let a be w(n). Calculate the greatest common divisor of f and a.
2
Suppose 705*u - 160 = 703*u. Suppose 5*p - 25 = -4*w, 2*p - 20 = -2*p. Suppose u = 5*z - w*z. What is the highest common factor of 4 and z?
4
Let p = 17 + -9. Suppose -c + p = c. Suppose -100 = -4*z - 4*d, d - 23 = 2*z - 82. What is the highest common factor of c and z?
4
Let d = 258 + -148. Suppose 5*r - 75 = 195. Suppose -v + 0*v = 5*f - r, -2*f - v = -24. Calculate the highest common factor of f and d.
10
Let g = 35 - 30. Suppose 32 = m - g*m. Let c be (207/(-92))/(2/m). What is the highest common factor of c and 99?
9
Suppose -u + 112 = 27*u. What is the greatest common divisor of 32 and u?
4
Let i be (4/(-3))/((261/(-54))/29). Suppose 4*g - 3*b = -2*b + 21, 0 = 4*g - 5*b - 25. Suppose 10 = g*r - 0. What is the greatest common divisor of i and r?
2
Let o be 1*28 - (-37 - -33). Suppose 4*f + 5 = 21. What is the highest common factor of f and o?
4
Suppose 4*n + n - 76 = -x, 2*n - 4*x = 48. Suppose 5*b - n = b. Suppose -3*r - 3*q = 141 - 135, -5*r + 14 = -q. What is the greatest common divisor of r and b?
2
Suppose -7 - 393 = -8*u. What is the highest common divisor of 20 and u?
10
Let o(f) = -f**3 - 6*f**2 - 7*f - 2. Let i be o(-6). Let s be -1 - -1*(1 - -4). Let z be (2/s)/(1/16). What is the highest common factor of z and i?
8
Let g = 113 + -43. Let w(f) = f**3 + 2*f**2 - 2*f + 5. Let p be w(0). What is the greatest common factor of p and g?
5
Let j be (54/13 - 4) + 2024/26. Calculate the greatest common factor of 429 and j.
39
Let d = -122 - -228. Calculate the highest common factor of d and 318.
106
Let g(v) = v**3 - 7*v**2 - 5*v - 19. Let t(c) = c**3 + 18*c**2 - 3*c - 45. Let d be t(-18). Let u be g(d). Calculate the greatest common factor of u and 28.
14
Let a = 48 - 35. Let c(w) = -w**3 + 14*w**2 - 16*w + 8. Let n be c(a). Let j = n - -39. Calculate the greatest common divisor of 2 and j.
2
Suppose -594 = -20*m - 214. What is the highest common divisor of 19 and m?
19
Let p be 3*((-2)/2 - -2). Suppose -2*h + m = -m - 84, -p*h + 2*m = -130. Calculate the highest common divisor of 230 and h.
46
Let c = -175 + 322. Suppose -4*z + 8*u = 3*u - c, 4*z = -5*u + 117. What is the greatest common factor of z and 22?
11
Let f be 1 + (3 - 1 - 3). Let i be 12051/65 + (-6)/(-10). Let k be -4 + f - i/(-6). Calculate the greatest common factor of k and 9.
9
Let a(p) = 7*p + 1. Let j be a(3). Suppose -46 + 592 = 5*o + f, -2*o - f = -216. What is the greatest common factor of o and j?
22
Let x = 10 - 6. Let g(j) = -3*j + x*j**2 + 1 - 5*j**2 + j**2 + j**2. Let w be g(9). What is the greatest common factor of w and 5?
5
Let x be 23*((-4)/2)/(-2). Let o = 25 - x. Calculate the highest common factor of 3 and o.
1
Suppose -4*b - 21 + 101 = 0. Suppose -5*q + 13*q = -0*q + 80. What is the highest common factor of b and q?
10
Suppose -5*a + 1 - 11 = -2*w, 0 = a + 4. Let q(c) = -c + 7. Let b be q(w). Calculate the highest common divisor of b and 12.
12
Suppose 4*l + 4*m - 216 = 0, 11*m = -3*l + 10*m + 166. What is the highest common factor of 72 and l?
8
Su